1. Let v(i) = -4*i**2 + 24*i + 3. Let x(g) = -13*k(g) + 6*v(g). Suppose 2*w = -25 + 13. List the prime factors of x(w).
149
Let b(n) = -41*n - 18*n**2 + 131*n**3 + 6*n + 74 - 16*n**2 - 132*n**3. List the prime factors of b(-33).
2, 5, 7
Let x be 2 + 1 - 1 - -1. Suppose 3*q + 4*g - 1360 = 0, -418 - 18 = -q + x*g. What are the prime factors of q?
2, 7
Let d(k) = 9030*k**3 - 9*k**2 + 31*k + 21. Let y(o) = -1806*o**3 + 2*o**2 - 6*o - 4. Let i(z) = -2*d(z) - 11*y(z). List the prime factors of i(1).
2, 113
Suppose 0 = -z + s + 26, 4*s + 2 = 5*s. Suppose -5*n + 2*n - 111 = 3*l, -z = n + 4*l. Let d = n + 133. List the prime factors of d.
3, 31
Let o = 13818 + -8153. What are the prime factors of o?
5, 11, 103
Suppose 0 = -3*s + 6*s + 30. Let g(t) = 40*t - 4. Let d be g(-3). Let r = s - d. What are the prime factors of r?
2, 3, 19
Let w(f) = -37*f + 18. Let c be w(-15). Suppose c = 8*y - 587. What are the prime factors of (11/((-55)/8))/((-2)/y)?
2, 29
Let f(a) = 51*a - 20. Let t be f(-4). Let p = t - -670. List the prime factors of p.
2, 223
Suppose -51*y + 5762 = 2*s - 53*y, 3*s + 5*y = 8643. What are the prime factors of s?
43, 67
Let u = -112 - -391. Suppose -81 - u = -4*b. What are the prime factors of b?
2, 3, 5
List the prime factors of (-579836)/(-34)*(-4)/(-8).
8527
Let q = -57 - -104. Let t = -43 + q. Suppose -2*n + 76 = -t. What are the prime factors of n?
2, 5
What are the prime factors of (9 - (-78557)/119)*21?
2, 3, 1171
Let a(m) = m**2 + 9*m + 14. Let i be a(-6). Let y be (4/(-3))/(i/9). Suppose 5*s + y*h - 419 = 0, 4*h = -5*s + 4*s + 77. List the prime factors of s.
5, 17
Suppose -364*l - 47929 + 747129 = -269*l. What are the prime factors of l?
2, 5, 23
List the prime factors of (2 - (-5)/3)/(((-69)/(-10170))/23).
2, 5, 11, 113
Suppose -18 = -2*u - 10. Suppose -2*q + u*q = 18. Suppose -q*n + 908 = -100. What are the prime factors of n?
2, 7
Let n(f) = 5*f**3 - 131*f**2 + 133*f - 110. Let z(o) = -3*o**3 + 87*o**2 - 89*o + 73. Let v(t) = 5*n(t) + 8*z(t). What are the prime factors of v(-42)?
2, 61
Suppose 49*w - 175498 = 47207. What are the prime factors of w?
3, 5, 101
Let j(g) = 2*g**2 + 63*g + 39. Let r be j(-31). Suppose l + 3*u - 1018 = 0, 5073 = 5*l + 6*u - r*u. List the prime factors of l.
5, 7, 29
Let x(q) = -q**3 + 5*q**2 + 18. Let h be x(5). List the prime factors of (h - 15)*499/3.
499
Let a = 113 + -83. Suppose -4*r + 14 = -3*r + 3*m, a = 3*r + 5*m. List the prime factors of r.
5
Suppose 4*p - 5039 = -3*d, 17*d + 2*p = 18*d - 1663. List the prime factors of d.
7, 239
Suppose -m = -3*h - 35017, -49*m + 54*m + 4*h = 174990. What are the prime factors of m?
2, 11, 37, 43
Suppose -45*q - 4*g + 449776 = -37*q, -5*q + 281071 = -4*g. What are the prime factors of q?
17, 3307
Let h(p) = -1926*p + 55. What are the prime factors of h(-6)?
17, 683
Suppose 0 = 8*w + 27 - 27. Suppose w = 17*p + 19*p - 5904. List the prime factors of p.
2, 41
Let r(c) = 2*c**3 + 9*c**2 + 9*c - 511. What are the prime factors of r(13)?
5521
Suppose 0 = 3*s + 2*g - 7, -4*g - 6 = -2. Suppose -48 = -s*a + 90. List the prime factors of a.
2, 23
Let i(m) = -14*m - 64. Suppose -3*j + 2*d + 9 = 0, 2*j - 4*d - 5 - 1 = 0. Let b be (-1 - (-5 + 31)) + j. What are the prime factors of i(b)?
2, 17
List the prime factors of 12231 - 16/(-56)*7.
13, 941
Let g = 59 + -57. Suppose 9*y - 5*y = -d + 27, 2*d = g*y + 84. What are the prime factors of d?
3, 13
Suppose 5*r + 5 = 3*g - 29, 3*g - 35 = 4*r. List the prime factors of (-1)/g + (-168489)/(-117).
2, 3, 5
Suppose -h + 678 = -5*o + 8*o, 0 = o + h - 226. Let w = o - -717. What are the prime factors of w?
23, 41
Let i be (-100)/(-4) - (-9)/6*2. Suppose 2*b - 3*b + u + i = 0, 3*b = u + 86. What are the prime factors of b?
29
Let o be (-25)/200 - (-4961)/8. Let w = 1311 + o. Suppose 9*s + 329 = w. What are the prime factors of s?
2, 89
Let n = 34928 + -24318. What are the prime factors of n?
2, 5, 1061
Let i = -382 + 420. Suppose i*q = 5217 + 35975. List the prime factors of q.
2, 271
Let w(j) = 173*j - 212. Let c be w(-14). Let u = c - -4166. What are the prime factors of u?
2, 383
List the prime factors of ((-14615)/(-1))/(-12 + (30 - 17)).
5, 37, 79
List the prime factors of -1 + -3 + (-374704)/(-52) - 6/(-39).
2, 13, 277
Suppose 4105 = 14*v - 2615. List the prime factors of v.
2, 3, 5
Suppose -5*p + 21219 = -b, 13*p = 10*p - 4*b + 12736. What are the prime factors of p?
2, 1061
Let h be -3 + (4 + -7 - -52). Suppose h - 2 = k. Let g = k + -29. What are the prime factors of g?
3, 5
Let q be (2 - -2) + 1 - 5. Suppose q = j + 5 + 7. What are the prime factors of -3*((7952/j)/7 + 0)?
2, 71
Let r(t) = -151*t**2 - 3*t - 1. Let v be r(-2). Let l = v - -1137. List the prime factors of l.
2, 269
Let h(m) = 565*m**2 - 162*m + 21. List the prime factors of h(4).
47, 179
Let c(z) = -194*z - 11. Let q(l) = 64*l + 3. Let y(w) = -3*c(w) - 8*q(w). What are the prime factors of y(5)?
359
Let h(m) = -4749*m**3 - 2*m**2 + 4*m + 21. List the prime factors of h(-2).
37997
Let s be 3 - (-6 - (6 + -1)). List the prime factors of 5254/s + (-2)/7.
3, 5
Suppose 0 = -3*i - g - 1, -10 = -4*i + 2*g - 8. Suppose i = -8*m + 7280 + 40. List the prime factors of m.
3, 5, 61
Suppose 0 = 5*p - 31*p + 3220 + 1876. List the prime factors of p.
2, 7
Suppose 2*z + 3195 = 3*t + 5*z, -3*t - 2*z = -3198. Suppose 0 = -187*l + 181*l + t. What are the prime factors of l?
2, 89
Suppose 6*r = 5*r + 2. Let a be r + 1/((-4)/(-8)) + -2. Suppose 12 = a*x - 224. List the prime factors of x.
2, 59
Suppose -55*q + 59*q = 20. Let o be 31/q - (-6)/(-30). What are the prime factors of 4/6*198*(7 - o)?
2, 3, 11
Suppose 2*g - 3*j = 143, -6*j + j = -2*g + 133. Let t = g - 74. Suppose -1065 = -t*n - o, 0 = -2*o - 1 - 9. What are the prime factors of n?
2, 107
Let u be 11/2 + -3 + (-1)/2. Suppose -4*x - 454 = -w - 1786, -3*x + u*w = -994. What are the prime factors of x?
2, 167
Suppose q = 4*l - 2755, l + 10*q = 14*q + 670. Let m = l - 404. What are the prime factors of m?
2, 11, 13
Let i(q) be the first derivative of -q**4/4 - 4*q**3/3 - 5*q**2/2 + q + 1. Let j be i(-3). Let v(s) = 18*s - 13. List the prime factors of v(j).
113
Let b = -438 + 396. List the prime factors of ((-18678)/b)/11 - (-6)/(-14).
2, 5
Let t(k) = -11*k + 24. Let i be t(2). Suppose -i*u - 2*c + 2554 = c, -4*c = 0. What are the prime factors of u?
1277
Suppose 5351 = 3*w - 3*m - 5035, -5*m - 13846 = -4*w. Suppose 5*v + 3*z + 1937 = 5405, -5*v - 4*z = -w. What are the prime factors of v?
2, 3, 29
Let k(c) = -79*c**2 - 6518*c - 25. What are the prime factors of k(-80)?
5, 3163
Let y = 28 - 26. Suppose y = -5*z + 17. Suppose -z*f + 133 = 4*d - 72, 4*d + f - 199 = 0. List the prime factors of d.
7
Let b(w) = w**3 + 105*w**2 - 474*w - 90. What are the prime factors of b(-107)?
2, 5, 47, 59
Suppose 20*z + 5335 - 35 = 0. Let f = 348 + z. List the prime factors of f.
83
Suppose 0*p = -3*p + 2*x + 86512, 5*p - 144136 = -3*x. What are the prime factors of p?
2, 17, 53
Let q(l) = -3*l - 18. Let o be q(-7). Let g be 5 + -58 + (0 - -2) + o. Let x = g + 53. List the prime factors of x.
5
Let t = 6208 - 2766. What are the prime factors of t?
2, 1721
Suppose -35 = -554*u + 559*u, k - 28386 = -2*u. What are the prime factors of k?
2, 5, 71
Suppose -26108 - 10278 = -7*l. List the prime factors of l.
2, 23, 113
List the prime factors of 6744/20*(1500/9)/10.
2, 5, 281
Suppose 4*a - 396 = -25*a - 1672. Let g = 5 - 12. Let u = g - a. What are the prime factors of u?
37
Suppose -2*f = -3*m + 6790, 11352 = 5*m - 5*f + 37. Suppose 0 = -817*d + 815*d + m. What are the prime factors of d?
2, 283
Let p(o) be the first derivative of -o**4/4 - 5*o**2/2 - 4*o - 5. Let x be p(-3). Let t = 87 - x. What are the prime factors of t?
7
Suppose 0 = 3*u + 16*u - 285. Suppose -u*v - 547 = -2797. What are the prime factors of v?
2, 3, 5
List the prime factors of 33945 + 3/((-585)/(-50) + -12).
5, 11, 617
Let b be 181 - ((-22)/77 + (-46)/(-14)). Let d = b - -320. What are the prime factors of d?
2, 3, 83
Suppose 0 = -t - 4*t - s + 15, 2*t = -4*s + 6. Suppose -22 + 7 = -t*u. Suppose -12 = -x + u*d, 0*d - 164 = -5*x - d. List the prime factors of x.
2
Suppose 26203 = 20*a + 1003. Suppose 0 = 7*w - a - 3255. What are the prime factors of w?
3, 5, 43
Let